ctor of z?
False
Let t(k) = -k**2 + 4*k + 5. Let u be t(4). Suppose -4*f + 2*j + 8 = 2, 3*j + 6 = u*f. Does 3 divide f?
True
Let p be 3*(-7)/((-63)/(-30)). Let x(l) = l**3 + 9*l**2 - 12*l + 4. Let r be x(p). Is 14 a factor of r/15*(-140)/(-8)?
True
Let l be ((-4)/3)/(4/(-6)). Is (46 - -1)/(2/l) a multiple of 16?
False
Let j(x) = -x**3 - 6*x**2 - 3*x + 1. Let n be j(-5). Let h = -4 - n. Suppose -5*r + 5*a = -4 - 101, 85 = 5*r + h*a. Is 19 a factor of r?
True
Let z(l) = l - 1. Let q be z(1). Suppose -k + 3*o + 6 = q, -k - 2*o + 0 = -1. Suppose 5*y + 97 = 3*x, -4*x = -k*x + 2*y - 25. Does 10 divide x?
False
Let c(m) = 3*m + 42. Is c(-9) a multiple of 15?
True
Let f(o) be the third derivative of -o**6/120 - o**5/20 - o**4/6 + o**3/6 + o**2. Let y(w) = w**3 + 2*w**2 - 3*w - 4. Let h be y(-3). Is f(h) a multiple of 12?
False
Let m(d) = 2*d**2 + d. Let t be m(1). Suppose 5*w - 2 = 18, -t*k + 32 = 5*w. Suppose a - x - 11 = -a, -k*a - 5*x + 1 = 0. Does 2 divide a?
True
Let i be -25*1/(1/(-1)). Suppose 5*v = -0*v + i. Is v a multiple of 4?
False
Let d(t) = -310*t + 2. Does 10 divide d(-1)?
False
Suppose -3*f + 6*f + 4*m = 83, -3*f + 107 = -2*m. Is f a multiple of 11?
True
Suppose -5*a - 4*z + 434 = 0, 0 = -5*a + 2*z + 492 - 34. Does 30 divide a?
True
Let x(n) = -n**3 + 7*n**2 + 7*n + 5. Does 14 divide x(7)?
False
Let b(g) = -g**2 - 6*g + 7. Let m be b(-5). Let i = 14 + m. Is (-2)/10 + i/5 a multiple of 3?
False
Suppose 0 = -3*s - 5*m + 53, -5*m + 17 = -3. Is 2 a factor of s?
False
Let j be ((-9)/12)/((-1)/28). Let v be (j - (-2)/2) + 0. Suppose 0 = -4*f + 10 + v. Does 3 divide f?
False
Let p be 14 + (-1 - (2 + -1)). Let h = -1 + p. Does 6 divide h?
False
Suppose 0 = -5*g + 8*g - 399. Let p = g - 92. Is 18 a factor of p?
False
Suppose 4*v + 1 = 13. Suppose -29 = -4*a + v*r + 226, 248 = 4*a + 4*r. Suppose -4*d - a = -3*k + 11, -5*d = -k + 10. Is 15 a factor of k?
True
Let l = -7 - 0. Let d = 13 + l. Is 3 a factor of d?
True
Let l = 41 + -25. Suppose 0*t - 2*t = -l. Suppose -q - 4*c = -7*c - 12, 0 = -2*c + t. Is 12 a factor of q?
True
Let c = -2 - -2. Suppose 30 = -c*s + 2*s. Is 8 a factor of s?
False
Is 12 a factor of 286/12 - (-2)/12?
True
Suppose -25*v = -18*v - 224. Is v a multiple of 13?
False
Let j be 0*(-3)/12*2. Let c = -9 - j. Let q(w) = -w**2 - 11*w - 2. Is q(c) a multiple of 14?
False
Let d = -3 + -3. Suppose 4*j - 10 = -n, 3*n - 4*j - 48 + 2 = 0. Let m = n + d. Is 8 a factor of m?
True
Let m = -5 + 10. Does 3 divide 23/m + (-2)/(-5)?
False
Let o(z) = -z + 213. Let l be o(0). Suppose 3*b + 63 = l. Is 18 a factor of b?
False
Let h(y) = -y**3 - 2*y**2 + y - 4. Let c(p) = -p**3 - 7*p**2 + p + 6. Let k be c(-7). Let f be (-2)/3*(k + 7). Is h(f) a multiple of 12?
True
Let t(y) = -y + 10. Let b = 12 - 5. Does 3 divide t(b)?
True
Let a(z) = -z**2 + z - 1. Let s(h) = h**3 - 5*h**2 - 5*h - 4. Let p be s(6). Let x be a(p). Does 3 divide 96/(-18)*x/2?
False
Let i(c) = -13*c + 13*c - c**2. Let y(b) = -4*b**2 - 1. Let h(t) = -4*i(t) - y(t). Does 21 divide h(2)?
False
Is (2 - 4)*34/(-4) a multiple of 17?
True
Suppose 0 = -2*f - 3*f + 130. Let c = f + 2. Is c a multiple of 8?
False
Let x = -40 + 66. Is x a multiple of 26?
True
Suppose 3*b - 63 - 63 = 0. Let z(x) = x**2 + 2*x - 1. Let o be z(-3). Suppose 2*k = o*p + b, -4*k - p - 1 = -100. Is 17 a factor of k?
False
Suppose -2*k + 7*k = 0. Suppose k = 5*p - 5. Does 10 divide (-7)/(21/(-30))*p?
True
Let c = 14 - 6. Suppose 0 = -6*t - 18 - 18. Let w = c - t. Is w a multiple of 7?
True
Let m = 7 + -2. Suppose 2*a = -4*t + 174, m*t + a - 131 = 2*t. Is 11 a factor of t?
True
Suppose 4*h - 5*a = 161, 3*h - 2*a - 3*a = 122. Suppose -c - 25 - 9 = -5*z, 4*c = -5*z + h. Suppose -t + 4*d - 3 = 0, -2*t + t - d + z = 0. Is 2 a factor of t?
False
Is 28 a factor of (-2)/9 - 508/(-18)?
True
Suppose 28 = -5*h + 98. Does 7 divide h?
True
Suppose 4*v = 3*v - 10. Let d = v + 16. Is 3 a factor of d?
True
Let b(n) be the second derivative of n**5/120 - n**4/24 - n**3/6 - 2*n. Let q(d) be the second derivative of b(d). Is q(6) a multiple of 3?
False
Let t(y) = -y - 3. Let n be t(-4). Let f = n + 1. Suppose -3*c = -2*o + 14, -10 = -f*o + 2*c - c. Is 4 a factor of o?
True
Suppose 5*k - 53 = -2*b - 15, -32 = -2*k - 5*b. Is 3 a factor of k?
True
Let f(i) = -i**3 - 5*i**2 + 4*i - 1. Let o(p) = -2*p**3 - 9*p**2 + 7*p - 2. Let d(h) = 11*f(h) - 6*o(h). Let t = -15 + 17. Is 9 a factor of d(t)?
True
Suppose 5*c - 64 + 214 = 0. Let w = 48 + c. Is 9 a factor of w?
True
Let j(u) = -u**2 + 3. Let s be j(0). Suppose 25 + 2 = s*w. Suppose -2*h + 15 = -w. Is 12 a factor of h?
True
Let t be -68 + 3/3 + 0. Let o = -43 - t. Is 11 a factor of o?
False
Suppose -4*o = 3*a - 71, a = 5*a + 2*o - 98. Let n be (-18)/(-4)*8/3. Let j = a - n. Is j a multiple of 6?
False
Let p(c) = c**3 + 2*c**2 + c + 3. Suppose -s + 4 = -0*s. Let j be p(s). Suppose 0 = 4*z - 16, 0 = -k - 2*k + 2*z + j. Is 16 a factor of k?
False
Is 13 a factor of (15/10)/(3/76)?
False
Let f(s) = -s**2 - 7*s - 3. Let z be f(-8). Let l = 44 + z. Does 18 divide l?
False
Suppose 12 = -3*p, 4*q + p = 3*q - 4. Let g be 28/(-21) - (-26)/6. Suppose -g*z + 63 = -q*z. Is 12 a factor of z?
False
Let f(b) = 1 + 3 + 7*b - 3. Does 5 divide f(2)?
True
Suppose 0 = -5*i + 51 - 11. Let p be (-16)/(1 + 2/(-6)). Let o = i - p. Does 16 divide o?
True
Let s = -19 - -39. Does 10 divide s?
True
Let g = 14 - 16. Let b(d) = -6*d**3 + 2*d**2 + 4*d + 2. Is b(g) a multiple of 11?
False
Let k(w) = w - 8. Let p be k(8). Suppose -8*o + 3*o + 20 = 0. Suppose o*t - 12 = -p*t. Does 2 divide t?
False
Is 59 a factor of 6 + -1 - (-207 + -7)?
False
Let w(j) = 3*j + 0*j**3 + 0*j**3 + 1 - 4 + 5*j**2 - j**3. Does 10 divide w(5)?
False
Let u(i) = i**3 + 5*i**2 + 4*i. Let f be u(-4). Suppose 34 = c - f*c. Is 17 a factor of c?
True
Suppose -47 = -6*y - 5. Is y even?
False
Suppose 0 = -4*p + 21 + 39. Is 5 a factor of p?
True
Suppose -3*i + 3 = -2*d, 2*d + 2 - 9 = 5*i. Let b(c) = -4*c - 14 + 2*c + 0*c + 7. Is b(d) a multiple of 4?
False
Let u = -6 - -11. Let t be 0 - (37/2)/((-2)/4). Suppose 3*p = t + u. Does 9 divide p?
False
Suppose -205 + 377 = 2*l. Does 35 divide l?
False
Suppose -y - 2 - 4 = 0. Let c = y + 24. Does 18 divide c?
True
Let o(y) = -8*y**3 - 2*y + 2. Let t be o(2). Let q = -30 - t. Does 12 divide q?
True
Let b(m) = m**2 + m - 7. Is b(7) a multiple of 14?
False
Suppose -2*a + 3*q = -0*a - 88, 2*a = -2*q + 88. Let x = 115 - a. Suppose -4*f + x - 15 = 0. Is 8 a factor of f?
False
Let y be 18 - (0 + -1 - -3). Suppose -14 = 5*n + y. Let g = n - -20. Does 14 divide g?
True
Let q = -19 + 9. Let r(a) = a**2 + a. Let m be r(-3). Let h = m - q. Is 6 a factor of h?
False
Let y be 1300/5 + -1 + 3. Suppose -5*a = -3*v - y, 12 = -3*v - 0*v. Suppose -2*l = -a + 10. Is 10 a factor of l?
True
Suppose -2*u - 4 = -0*u. Let t be (-21)/6 + u/4. Let f(c) = -2*c + 2. Is f(t) a multiple of 7?
False
Suppose -3*p - p + 184 = 0. Suppose 4*c - 114 = -p. Is c a multiple of 9?
False
Let v be (24/(-10) + 3)*5. Suppose 5*o + 2*d - 50 = -v*d, -2*o = d - 18. Does 8 divide o?
True
Suppose 0 = 3*f + f + 4. Suppose -25 = 5*o + 25. Does 9 divide f - 1 - (o + -1)?
True
Suppose t = 3*t - 2, 4*t = -3*d + 13. Is 3 a factor of d?
True
Let l(t) = -t**2 + 7*t + 9. Let w be l(7). Let d = 13 - w. Is d a multiple of 3?
False
Suppose 5*t = 3*t + 306. Suppose -5 = 4*j - t. Does 13 divide j?
False
Let j = 13 + -4. Let a(v) = -v**3 + 5*v**2 - v + 6. Let w be a(5). Does 4 divide (-30)/j*w*-3?
False
Let y(f) = f - 1 - 2*f - 3*f. Let w be y(2). Let i = w - -41. Does 16 divide i?
True
Let p(t) = -t**2 - 5*t + 4. Let s be p(-5). Suppose s*h - 2 = 18. Suppose 0 = -h*f + 6*f - 56. Is f a multiple of 28?
True
Let m(t) = t - 2. Let y be m(4). Suppose v - y = 8. Suppose -2*z - v = -2*w, 4*z - 5*z = w - 11. Does 3 divide w?
False
Let p be (-1)/(-4) + 22/8. Let s(m) = m**2 - m - 1. Let j(x) = 5*x**2 - 2*x - 6. Let n(l) = j(l) - 3*s(l). Is n(p) a multiple of 9?
True
Suppose 5*j - 4*z = 644, 2*j + 2*z - 257 = 3*z. Suppose -2*k - j = -4*k. Is 11 a factor of k?
False
Let c = 36 - 14. Does 7 divide 2/(-3 + 1) + c?
True
Suppose 3*s - 30 = 2*b, -2*s = 4*b - 6 + 2. Suppose 0*g + 3*g = j + s, -3*j = -12. Is (-2)/8 - (-41)/g a multiple of 5?
True
Let u = 6 + -4. Let w = u - -8. Is 10 a factor